e of 1 - 0 - 1 - (16 + -19)?
3
Calculate 0 + 5 - 6 - -6.
5
What is the value of 6 + -9 - -8 - 2?
3
What is the value of (-4 - 1) + 2 + 141 + -148?
-10
Calculate 8 + (0 - 1) + 2 - 4.
5
Evaluate 8 + -2 - (10 + -8).
4
(2 - 3) + 2 + (-2 - -6)
5
What is the value of 3 + 7 + -2 + (-3 - 0)?
5
What is 0 - (0 + 1 + 4)?
-5
Evaluate (-7 - -6) + (2 - -1) - -2.
4
(10 - (19 + -11)) + -6
-4
What is the value of (1 - (-1 - 1)) + (10 - 11)?
2
What is the value of -150 - -151 - (7 - 0)?
-6
Evaluate -4 + (-1 - -5) - (-5 - -9).
-4
What is the value of -8 - (-7 + (-5 - 2))?
6
What is the value of -13 + 9 + -7 - -4?
-7
1 - 4 - 3 - -10
4
What is 10 - 2 - (-6 + 12)?
2
(-7 + 4 + 0 - -2) + 3
2
What is the value of (4 - (5 - 0)) + -3 + 2?
-2
What is the value of 21 + -12 - 12 - (3 + -9)?
3
Evaluate -6 - (-2 + -2) - (7 - 4).
-5
What is the value of 5 - (14 - (4 + 0))?
-5
Evaluate -1 - 2 - (-5 - -5) - 1.
-4
Evaluate (0 - (-6 - -4)) + -6.
-4
What is (-8 - -13) + -5 + 1 - -7?
8
What is the value of -17 + 21 - (-3 - 0)?
7
Evaluate (1 - -6) + 1 + -4 - 3.
1
Calculate 4 + -1 - (1 + (5 - 3)).
0
(2 - (4 + 2 + -3)) + 1
0
What is the value of -5 - -1 - (31 - 30)?
-5
5 - (-3 + (-4 - -14))
-2
Evaluate -2 - -5 - (-2 - (-1 - 1)).
3
What is the value of 3 - ((7 - 4) + 1)?
-1
What is -1 + (-4 - (-11 + 3 - -5))?
-2
What is 2 + (5 - 2 - (1 - 1))?
5
Evaluate 14 + -7 + (6 - 9).
4
Evaluate -71 + 71 - (-1 + 0 + 0).
1
Evaluate -2 + 13 + 3 + -13.
1
Evaluate (1 - -3) + -5 - (2 + -1).
-2
What is (-2 - (2 + (4 - 6))) + 4?
2
What is the value of -2 + 3 - (16 + (2 - 10))?
-7
Evaluate -15 + (6 - 7 - -13).
-3
Evaluate (-1 - 0) + 12 + -4.
7
(-11 - 0) + -306 + 314
-3
Evaluate (-2 - -3) + 1 + 3 + -2.
3
What is the value of -2 + 0 + 2 - (11 - 15)?
4
Calculate 2 + (-5 - (3 - 3)) + 3.
0
Calculate 0 - 0 - (2 + 0 - -1).
-3
What is (5 - 8) + (2 - 3)?
-4
Evaluate 3 + -4 + -6 + 4 + 13.
10
Evaluate 0 + -1 - (-2 - -5).
-4
Calculate 10 - 2 - ((2 - 3) + 6).
3
What is 11 - 16 - (4 + -13)?
4
Evaluate -4 + 5 + -4 - -2.
-1
Evaluate (0 - (27 + -9)) + 11.
-7
What is the value of 1 - (-2 - -2 - (1 + 1))?
3
-2 - (-2 + (0 - (1 - -3)))
4
1 + -2 - (3 + (9 - 9))
-4
What is the value of -6 + -3 + 2 + 15 + -12?
-4
Evaluate 6 - (-6 - (-8 - 0) - -6).
-2
0 + (-2 - -1) - (95 - 89)
-7
4 + -5 + 1 + -6
-6
Calculate (-54 - -48) + 1 + -1 + 1.
-5
What is 2 + 0 - ((-6 - -7) + -2)?
3
Calculate 3 - (-4 - -7) - (5 - 1).
-4
What is (3 - (-3 - 2)) + -5?
3
Calculate -9 + -15 + 29 + -15.
-10
(1 - -7) + -7 - -6
7
Calculate 1 - (-8 - 7 - -12).
4
4 - (7 - (-4 - -3))
-4
0 - (2 + 1 + -3 + 0)
0
What is -1 + 3 + 0 + 2 - 1?
3
Calculate 11 + 0 + -2 + -4 - 6.
-1
What is the value of -14 + 20 + -1 + (-1 - 0)?
4
Calculate 1 + 0 + -6 + -6 + 21.
10
What is (-10 - -13 - 16) + 2?
-11
Calculate (2 + -5 - -4) + (1 - -1).
3
What is 6 + -4 + -3 + 6?
5
2 + -7 + -3 + 9 + -3
-2
Evaluate 5 + (-5 - (5 + -10)) + -2.
3
Evaluate -3 + (-4 - -3) - (1 + 0).
-5
What is (-1 - 3) + (0 - (6 - 14))?
4
What is -3 + (-2 - 1) + (-4 - -5)?
-5
Calculate (-1 - (2 + 7)) + 6 - -3.
-1
Calculate 0 + 3 + -4 + (0 - 3).
-4
What is 1 - (3 - (-1 - -4))?
1
What is the value of 1 - (-7 - -7) - 6?
-5
(-4 + 4 - -1) + 4
5
(49 + -48 - (3 + -1)) + 0
-1
What is 3 + 5 + -5 + -2?
1
-23 + 15 - (-3 + 3)
-8
What is 5 - 2 - ((4 - 9) + 9)?
-1
Calculate 84 - 91 - (-14 - 1).
8
What is the value of 28 + -30 + (1 - 3)?
-4
What is (5 + -12 - -5) + -2?
-4
What is -3 - (7 - 3 - 2)?
-5
(-2 - -1) + -4 + -1 + 11
5
Evaluate -5 + 4 + (-5 - -4).
-2
Calculate -9 + 9 - ((2 - 0) + -1).
-1
What is (-10 - -21) + (-8 - 0) + 3?
6
Evaluate (3 - (-3 - -6)) + -7 + 2.
-5
What is the value of 4 + -1 + 0 + -3?
0
Calculate (4 - -2) + 3 + -8 + 1.
2
What is the value of (10 - 3 - 4) + (-8 - -1)?
-4
What is the value of 4 + (3 - 1) + -6?
0
Evaluate -9 - -3 - (37 + -35).
-8
Evaluate 0 + -2 + 4 - -1 - 4.
-1
Evaluate 5 - (-6 - (-10 + -3)).
-2
What is (0 - 2) + (-2 - -8)?
4
What is the value of 6 - (-2 + 3 + -1)?
6
Evaluate -2 + 17 + -5 + -8 + 5.
7
What is the value of 4 - -1 - (-16 + 24)?
-3
-4 - (-2 - (2 + 4))
4
Calculate 3 - (-4 + (-2 - -3 - -1)).
5
Evaluate (-2 - -4 - -6) + -1 + -4.
3
What is the value of -5 - (-3 + -1 + -2)?
1
Evaluate 18 + -6 + (-9 - (-7 + 0)).
10
What is (-1 - -4 - (-11 + 13)) + 3?
4
Calculate (-4 - 3) + 3 - -3.
-1
What is the value of -5 + -5 + 7 + 6?
3
Calculate 10 + (-24 + 2 - -6).
-6
What is 1 + (7 - (8 + -3))?
3
What is the value of -2 - (-7 - (-2 + 5 - 5))?
3
What is the value of -7 + 13 + 2 + -3?
5
Calculate -6 + 1 + 11 + -6.
0
Evaluate (-2 - 6) + 6 - -4.
2
(-2 - -5 - 5) + 1
-1
What is -5 + 9 + 2 + -7?
-1
Evaluate (-9 - -9) + -2 + 1.
-1
What is the value of (0 - -2) + (0 - 1)?
1
Calculate -13 - (-8 - 2 - (3 - 6)).
-6
What is 7 - (-1 - -2 - (-5 - -3))?
4
What is 3 - 2 - (2 + 2 + 0)?
-3
What is the value of -6 + (4 - -6) + -7?
-3
Evaluate 2 + -7 + -2 + 8.
1
What is -19 + -11 + 3 + 19?
-8
What is the value of (0 - 0) + (133 - 131)?
2
Evaluate 5 + -14 + 7 + 1.
-1
2 - (-1 - 1 - 1 - -4)
1
What is the value of -6 + (10 - 5) + 4?
3
What is 3 + (-1 - -1) - 2?
1
-11 + (6 - (11 + -11))
-5
-11 - -5 - (-7 - (0 - 0))
1
Calculate -2 - -10 - (13 - 2).
-3
What is (36 - 33) + (1 - -1) - 1?
4
What is the value of -6 + -2 + -1 + 13?
4
What is the value of (3 - (-3 + 0)) + -4 + 0?
2
What is the value of 7 - (4 + -2) - 4?
1
Calculate (-4 - -3) + (3 - -2) - 1.
3
Calculate -4 + -2 - (37 - 38).
-5
What is the value of 3 + -4 + (5 - 3) + 6?
7
Evaluate 5 + 2 + 0 + -11.
-4
0 + -3 - (0 + -3 - -3)
-3
Calculate -5 + 8 - (8 - -1).
-6
-9 + -2 - -6 - -6 - -1
2
7 + -14 - (-6 + 4)
-5
What is the value of -5 + (13 - 10 - -9)?
7
What is the value of 9 + (-1 - (5 - 1))?
4
1 + 1 - 8 - (0 + -3)
-3
Calculate -28 + 23 + (6 - -2).
3
Calculate 4 - (0 + -2 + 1).
5
0 - (-3 + 14 + -5 + -1)
-5
3 + (-2 - -15) + -7 + -5
4
Evaluate 4 + (9 - (7 - (-3 - -6))).
9
Calculate 9 + -8 + 0 + 7 + -1.
7
What is the value of 1 + -1 + 6 + -6?
0
Evaluate 1 - (-2 - -5) - (0 - -2).
-4
Evaluate -5 - 0 - (-6 - (-2 - 0)).
-1
What is 6 + 1 + (-2 - 2)?
3
What is the value of 157 + -149 + (-2 - (0 - 0))?
6
What is the value of -6 + (5 - (5 - 3))?
-3
What is (1 - 3) + (2 - 2)?
-2
(13 - (-7 - -13)) + (0 - 4)
3
What is (-3 - 2) + (-35 - -35)?
-5
0 - 0 - (-2 + 1)
1
What is the value of (-4 - -2) + (2 - -3 - -1)?
4
What is the value of 3 + -5 + -2 - -3?
-1
What is the value of (4 - -4 - -1) + (0 - 4)?
5
What is -1 + 0 - (5 + -10)?
4
Calculate -3 + 6 + -8 - (0 + 5).
-10
Calculate (2 - 6) + (-135 - -144).
5
Evaluate (9 - (-1 + 4)) + -11.
-5
Evaluate -6 + (0 - (-6 + 3 + 1)).
-4
What is the value of 2 + -4 + 0 - (-6 - -6)?
-2
Calculate -1 - (4 - 2) - (1 - -1).
-5
What is 0 + -3 + 4 + -1?
0
What is 8 + (-13 - (-6 + -2))?
3
Calculate -6 - (1 - (3 + (-4 - -5))).
-3
What is -1 + 1 - (-11 + (10 - 4))?
5
What is the value of 1 - 2 - 4 - (98 + -96)?
-7
Evaluate (-5 - -9) + -3 + -3.
-2
What is -1 - (-1 + -4) - 9?
-5
What is 4 + -2 + (-4 - 1)?
-3
Calculate (0 - -11) + 8 + 8 + -19.
8
What is the value of 1 + -1 + (6 - 10) - 1?
-5
Calculate 5 + -2 - (-8 + 10).
1
What is 13 - 1 - (-7 + 14)?
5
Evaluate 6 + -4 - (-7 - (3 - 4)).
8
Evaluate 7 + -16 + 9 + -4.
-4
Evaluate -3 - -1 - (12 - 17).
3
What is the value of -1 - (4 - (11 - (7 + -9)))?
8
What is the value of 1 + (-7 - -2 - (4 + -16))?
8
Evaluate (-4 - -1) + 1 - (520 + -523).
1
What is the value of 7 - 6 - (1 + -3)?
3
What is the value of -35 + 36 + -8 + 1 + 0?
-6
What is -5 + 1 + 10 + -4?
2
-6 - (-3 - -6 - 11)
2
Evaluate (1 - (1 - -3)) + 7.
4
Evaluate -8 + -1 + -1 + 4.
-6
What is the value of (8 - 6) + 4 + -9?
-3
(-7 + -13 - -5) + 5
-10
What is (1 - (4 + -3)) + -4?
-4
Evaluate 11 - (-7 + 2 + 12).
4
Calculate (-3 - -2) + -1 + -1.
-3
Evaluate 3 + -12 + 5 + 1 - 2.
-5
Evaluate 0 - 1 - (-56 + 58).
-3
Evaluate 0 - (2 - -2 - (-9 + 11)).
-2
Calculate (7 - 0 - (7 - 4)) + -2.
2
What is 0 - (-2 + 3) - (1 - 2)?
0
What is 0 - 4 - -3 - -2?
1
What is the value of 1 + 1 + 0 + 6 - 1?
7
5 - (5 + -1 + 2)
-1
What is the value of 0 + 1 + -2 - -5?
4
What is the value of -2 - -3 - 5 - (-1 + 0)?
-3
-1 - (-6 - (-3 + 4)) - 0
6
What is -6 + (-1 - (5 - 9))?
-3
1 + 0 + 11 + -14
-2
-1 + -2 + -7 + 6
-4
Calculate -2 + -3 + 9 - 6.
-2
2 + -4 + -7 + 13
4
What is -5 - (6 + -3 + -4 + 0)?
-4
Evaluate 2 - -1 - (4 + 0).
-1
What is -1 + -14 + 7 + 12?
4
What is the value of (1 - 0) + 2 + 0?
3
E